pose -5*s + 4*k = 2*k + 3429, 3450 = -5*s - 5*k. Let z = -342 - s. What are the prime factors of z?
3, 5, 23
What are the prime factors of (-25854)/155*(-230)/6?
2, 23, 139
Let w(j) = 101*j - 7. What are the prime factors of w(9)?
2, 11, 41
Let c be (16/(-6) + 2)*15. Let p = c + 63. List the prime factors of p.
53
Let q = 15 - 13. Suppose 0*y + 4 = q*y, 0 = a + 4*y - 20. Let f = 16 - a. What are the prime factors of f?
2
Suppose m + 2*h = 3*h, -2*h - 3 = -3*m. Suppose -2*a + 210 = -a + 5*q, -m*q = -4*a + 794. What are the prime factors of a?
2, 5
Let r(j) = -4*j. Let s be r(-10). Let y = -24 + s. What are the prime factors of y?
2
Let t be (3 + 0)/(-4 + 3). Let s = 1 - t. Suppose 42 = s*x - 34. What are the prime factors of x?
19
Let x be (3 - (-3 + -394))/1. Suppose 0 = -5*b - 0*b + x. What are the prime factors of b?
2, 5
Suppose -17*v + v = -6880. What are the prime factors of v?
2, 5, 43
Suppose 0 = -30*l + 25*l + 10725. What are the prime factors of l?
3, 5, 11, 13
Let r = 103319 + -59319. List the prime factors of 2/(-9) - r/(-198).
2, 3, 37
Suppose -3*r = 2*t - t - 170, 3*r + 164 = t. Let b = 256 - t. List the prime factors of b.
89
Let t = 838 + -591. Let j(v) = v. Let l be j(0). Suppose 0 = 5*g + q - t, -3*q + l*q - 9 = 0. List the prime factors of g.
2, 5
Let k = 844 + -311. What are the prime factors of k?
13, 41
Let x = 1081 + 879. List the prime factors of x.
2, 5, 7
Let q be (-14 - -12)*10/(-4). Suppose 0*n - n - 3*x = 8, -2*x = -q*n + 11. Let i = 18 - n. What are the prime factors of i?
17
Suppose 11376 - 2009 = 19*q. What are the prime factors of q?
17, 29
Let b(l) = l**2 + 22*l + 30. Let r be b(-21). Suppose r*n = n + 144. What are the prime factors of n?
2, 3
List the prime factors of (10/30)/((-1)/(-3)) - -140.
3, 47
Suppose -337 = c - 2*d, -5*c = -0*d + 5*d + 1640. Let z = -224 - c. What are the prime factors of z?
107
Let b(s) = s**2 + 5*s + 1. Let g be b(4). Let z = 78 - g. Suppose 2*r - 2*w - 30 = 0, -z = -0*r - 3*r - w. List the prime factors of r.
2, 7
Let g = -26 - -33. Let l(v) = -v**3 + 11*v**2 - 6*v - 6. List the prime factors of l(g).
2, 37
Suppose -188*m + 189*m = -2*r + 3388, 3*r + 12 = 0. List the prime factors of m.
2, 3, 283
Let d(s) = -470*s + 641. What are the prime factors of d(-6)?
3461
Let s(b) = -b**2 - 15*b + 14. Let l = -39 - -31. List the prime factors of s(l).
2, 5, 7
Suppose -858 = -5*p - 3*i, -3*i + 207 = 4*p - 477. List the prime factors of p.
2, 3, 29
Let a = 20 + -32. Let x = a - -13. What are the prime factors of (4 + x)*21/5?
3, 7
Let m be -4*(-1)/(-2 - -3). Let t be (-2)/m + (-30)/(-12). What are the prime factors of (-1 + t)/((-2)/(-44))?
2, 11
Let i(t) = 3*t**3 - 3*t**2 - 13*t + 37. What are the prime factors of i(12)?
41, 113
Suppose 2*x + 40 = -34. Let w be (-48)/32*(-40)/(-6). Let p = w - x. What are the prime factors of p?
3
Let x be 64/28 - 2/7. Let m(v) = 10*v - 4. Let d be m(x). Suppose -u - d = -5*u. What are the prime factors of u?
2
Let v = -23 + 23. Suppose v = o, 0 = 3*b - o - 3*o - 18. List the prime factors of b.
2, 3
Suppose 28*a - 33*a = -840. What are the prime factors of a?
2, 3, 7
Let d(f) = -f**2 - 23*f - 66. List the prime factors of d(-6).
2, 3
Let t(r) = -r - 9. Let g be t(-9). Suppose -3 = l - g*l, -3*s + 288 = -l. List the prime factors of s.
5, 19
Suppose -4*z + 13*s + 4469 = 12*s, 3*s - 4481 = -4*z. List the prime factors of z.
2, 13, 43
Let h = -12 + 14. Let v be h/8 + (-889)/(-28). Let k = v - 6. List the prime factors of k.
2, 13
Let j be 1/(-4) - (-8)/((-96)/33). Let m = j + 19. List the prime factors of m.
2
Let h = 453 + 128. What are the prime factors of h?
7, 83
Let t = -530 + 1045. What are the prime factors of t?
5, 103
Suppose 5*h + 7 = 4*h. Let z(d) = d**2 + 7*d + 10. Let p be z(h). Let x(s) = s**2 - 9*s + 1. What are the prime factors of x(p)?
11
What are the prime factors of 286/10 - 50/(-125)?
29
Suppose -251*s - 4885 = -256*s. What are the prime factors of s?
977
Suppose 0*p + 174 = 2*p. Let y = p - 26. List the prime factors of y.
61
Suppose 5*t - 5*s + 0 + 10 = 0, 2*t - s + 8 = 0. Let c(j) = 2*j + 11. Let v be c(t). List the prime factors of 2 + 2 + v + 5.
2
Let g = 23 - 20. List the prime factors of (-1)/(g + (-1264)/420).
3, 5, 7
Suppose 34*h - 1414 = -3*j + 30*h, -2*j + 952 = -2*h. List the prime factors of j.
2, 3, 79
Suppose 4 = 3*h - 5*h. Let x(l) = -l + 1. Let p be x(h). Suppose 4*b - 58 = 3*k, -p*b + 2*k + 40 = -2*k. List the prime factors of b.
2
Let r(n) = -n**3 + 12*n**2 - 11*n + 12. Let t be r(11). Let a = 7 + t. List the prime factors of a.
19
List the prime factors of 5 + (3 + 112 - (2 - 3)).
11
Suppose -12 = -5*m + 3. Suppose 3*z - 203 = -4*b, -m*b + 0*z - 3*z = -156. List the prime factors of b.
47
Suppose 5*c - 4*n = -16, c + 2*n - 4 = n. Let h(w) = 2*w + 1 - w**2 + 2*w**2 + c - w. List the prime factors of h(-4).
13
Suppose -2*d = 2*f - 342, 3*d - 3*f - 895 = -2*d. Suppose -d = -2*i - 6. Suppose -4*s + i = s. What are the prime factors of s?
17
Suppose 6*w = -148 - 92. List the prime factors of 2 + 0 - 1 - (w - 0).
41
Let m(x) = 19*x**2 + 5*x + 5. What are the prime factors of m(-4)?
17
Let w = -72 - -77. Suppose 5*n - 4*c + 30 = 133, 0 = w*n + 4*c - 87. List the prime factors of n.
19
Let s(l) = -12*l + 1. Let c be s(-13). Let v = c - 55. List the prime factors of v.
2, 3, 17
Let k(w) = -w**2 + 12*w - 1. Let p be k(10). Let t = -44 - -42. Let o = p + t. List the prime factors of o.
17
Let i be 296/(-10) - 24/60. Let l = i + 81. List the prime factors of l.
3, 17
Let w be (-8)/(-4)*(-3 + -1 + 9). Let n(r) = -r**3 - r**2 + 3*r - 1. Let z be n(-3). List the prime factors of z/2 - (-370)/w.
41
Suppose 0 = 2*u + 5 - 21. What are the prime factors of 696/18 - u/(-6)?
2, 5
Let o(y) = 23 + 4*y - 11*y + 5*y. List the prime factors of o(10).
3
Let z(o) = 31*o + 1. Let c(w) = 94*w + 3. Let u(x) = -6*c(x) + 17*z(x). What are the prime factors of u(-2)?
73
Suppose -m - 5 = 4*z, -m + 5*z + 25 = 4*m. Suppose m*f - 2*f = 4. What are the prime factors of f?
2
Let o = 138 + 309. List the prime factors of o.
3, 149
Let m = 5387 - 923. What are the prime factors of m?
2, 3, 31
Let c = -51 + -29. List the prime factors of ((-4)/((-32)/42))/((-6)/c).
2, 5, 7
Let c be (-14 + 20)*26/3. List the prime factors of (40/(-16))/((-2)/c).
5, 13
Let v be (-16)/64 + 26/8. Let l(t) = 2*t**2 - 6*t + 2. What are the prime factors of l(v)?
2
List the prime factors of (1 + (-24)/40)*8570.
2, 857
Suppose -f - 4*r = -12, -f - f + 2 = -3*r. Suppose -3*m + l + 295 = 0, -f*l - 22 + 103 = m. What are the prime factors of m?
97
Let o(d) be the third derivative of d**5/120 + 11*d**4/12 - 7*d**3/3 + 9*d**2. Let r(t) be the first derivative of o(t). What are the prime factors of r(-6)?
2
Let r = -113 - -1289. List the prime factors of r.
2, 3, 7
List the prime factors of (5/15)/((-3)/(-3996)).
2, 3, 37
Let r(i) = 4*i**2 + 5*i - 46. What are the prime factors of r(-14)?
2, 167
Let l(p) = p**3 - 2*p**2 - 2*p - 2. Let g be l(3). Let w be 8*g/(-1 - -3). Suppose w*y = -4*o + 108, -o - 4*y = -15 - 15. List the prime factors of o.
2, 13
Suppose -4*f - 582 = -3*n - 3*f, -2*n + 388 = -3*f. List the prime factors of n.
2, 97
Let c(t) = -50*t + 5. Let r be c(-1). Let q = r + 1. What are the prime factors of q?
2, 7
Let b(c) be the third derivative of 1/12*c**5 + 1/120*c**6 + 1/6*c**3 - 10*c**2 + 0*c - 1/8*c**4 + 0. List the prime factors of b(-5).
2
Suppose -7*k + 11*k = -4. Let o = k + 69. What are the prime factors of o?
2, 17
What are the prime factors of (-21)/(8 + -1) + 471?
2, 3, 13
Let i(v) = 350*v**2 + v + 1. Let b be i(1). Suppose 68 - b = -4*l. What are the prime factors of l - 1/((-3)/(-12))?
67
Let g(s) = 4*s + 3. Let l be g(-8). Let m = -57 - l. What are the prime factors of (-216)/m - 6/(-21)?
2
Suppose -4*y = 3*q - 877, 6*y - 2*y + 303 = q. List the prime factors of q.
5, 59
Let h(v) = 129*v**2 - 4*v - 1. Let o be h(-1). Let z = 22 + o. What are the prime factors of z?
2, 7, 11
What are the prime factors of (-6)/105*5 - (-2832)/14?
2, 101
Suppose -13*u + 15*u + 5*c - 431 = 0, 0 = -c + 5. What are the prime factors of u?
7, 29
Suppose -2*k = k - 4*b + 1, -4*b = -k + 13. Let z(q) = q**3 + 9*q**2 + 7*q + 3. Let s be z(k). What are the prime factors of (s/6)/((-14)/(-2